. Let a = r + w. What are the prime factors of a?
3, 5
Suppose 0 = -5*m + 3*b + 171940, -117*b + 20 = -113*b. List the prime factors of m.
7, 17
Let c(h) = 26*h**2 + 2*h - 4. Suppose -13 = 5*s + 4*y - 6*y, 5*y = -5. What are the prime factors of c(s)?
2, 7
Suppose 3*q + 51 = 288. Let p = q - 68. Suppose -9*n + p*n - 286 = 0. List the prime factors of n.
11, 13
Suppose -5*n + 3*q + 61 = 0, -4 + 1 = -n - 4*q. Let b = 11 - n. Suppose -2*t + t + 84 = b. What are the prime factors of t?
2, 3, 7
Let o(b) = 6*b - 31. Let g(s) = 4*s - 21. Let x(t) = 7*g(t) - 5*o(t). Let w be x(-8). Suppose -w = -4*f + 68. List the prime factors of f.
23
List the prime factors of (38/665 - (-288)/2310) + (-780072)/(-22).
2, 17729
Suppose f = 2*t - 0 + 4, 2*t = -2. Suppose 0 = f*h + 14 - 2. What are the prime factors of (10/h)/((-5)/255)?
5, 17
Let r(p) be the third derivative of -p**6/120 - 7*p**5/20 - 13*p**4/12 - 47*p**3/6 - 79*p**2. What are the prime factors of r(-20)?
73
Suppose -16*x - 38 + 758 = 0. Suppose 280 = -x*j + 47*j. What are the prime factors of j?
2, 5, 7
Let x(a) = 3*a**3 + 4*a**2 - 45*a + 1019. What are the prime factors of x(19)?
3, 5, 17, 29
What are the prime factors of ((-2)/(5/(-10225)*-20))/((-1)/132)?
2, 3, 11, 409
Let z(d) = -19*d**2 - 751*d + 4. List the prime factors of z(-17).
2, 5, 7, 13
Suppose -7*m - 40 = -4*o - 3*m, 0 = o + 2*m + 5. Suppose -2*g - 13 = -o. Let p(l) = l**2 + 2*l - 2. What are the prime factors of p(g)?
2, 3
Let c(w) = -56*w**2 - 21*w - 1. Let q be c(11). Let b = q - -9829. Suppose -j - b = -14*j. What are the prime factors of j?
7, 31
Let g = -19 + 40. Suppose 19*f - g*f = -42. Let a = 25 + f. List the prime factors of a.
2, 23
Let v(t) = t**2 - 3*t - 9. Suppose o - 11 = -y - 4, -20 = -2*y - 4*o. Let s be v(y). Let c = 25 - s. List the prime factors of c.
2, 3, 5
Suppose -17*l + 8*l + 9 = 0. Let w = -6 - -3. What are the prime factors of 4 - (1 + l)*w/3?
2, 3
Let h(m) = 47*m**3 + m**2 + 6. Let r = 221 + -218. What are the prime factors of h(r)?
2, 3, 107
Suppose -4*y + 4*x - 240 = 8*x, 268 = -5*y + 3*x. Let q = -41 - y. Suppose -21 = -2*s + q. List the prime factors of s.
2, 3
Let k be 2*((-781)/(-2) - -3). Let n = -538 + k. Suppose 2*j - n = -j. What are the prime factors of j?
83
Let x(y) = 78*y**2 - 182*y + 3. What are the prime factors of x(-3)?
3, 139
Suppose 0 = -68*m + 126*m - 991452. What are the prime factors of m?
2, 3, 7, 11, 37
Suppose -14 = -s + 2*c, s = -s - 3*c. Let r be (-2 + 4/s)/(26/(-39)). Suppose -3*f = 4*l - 227, r*f = 6*f + 2*l - 316. List the prime factors of f.
3
Suppose 40114*u = 40120*u - 62190. List the prime factors of u.
3, 5, 691
Suppose -q - 4*q - 70 = -4*b, 2*q - 4*b + 40 = 0. Let j be (-1)/2*-2 + 3. List the prime factors of q*j/(-8) - (0 - 3).
2
Let z(n) be the second derivative of 49*n**3/6 + 32*n**2 + 103*n. What are the prime factors of z(10)?
2, 277
Let u(y) = 221*y**2 - 46*y + 80. List the prime factors of u(-10).
2, 5, 283
Let b be (72/(-8) - -6) + 3 + -1. List the prime factors of (2436/(-30))/((-4)/(-40)*b).
2, 7, 29
Suppose 0 = -g - 2*z - 35, 4*z - 203 = 2*g + 3*g. Let p = g + 41. Suppose 3*r - 2*r = o + 37, p*r - 4*o - 82 = 0. List the prime factors of r.
3, 11
Let i(n) be the third derivative of 39*n**4/8 + 40*n**3/3 + 192*n**2. List the prime factors of i(4).
2, 137
Let n(s) = -s**3 - 7*s**2 - s + 3. Let j be n(-7). Suppose 32*q - 9*q - 1012 = 0. Let m = j + q. List the prime factors of m.
2, 3
Suppose 0 = 2*l + 2*q + 2 - 10, -l - 16 = -4*q. Suppose 4*a = 4*t - 1636, -3*t + 2*a + 295 + 931 = l. Suppose -4*v + t = 24. List the prime factors of v.
2, 3
Let i = 419 - 412. Let k = i - -282. What are the prime factors of k?
17
Suppose 5*l = -4*d - 6, -d - 356 = 5*l - 362. Suppose 382 = 5*k + 2*b + 1899, -3*b = k + 306. List the prime factors of k/(-2) - l/((-20)/(-15)).
2, 3, 5
Let w(d) = 20*d**2 - 28*d - 59. Let r(f) = -3*f**2 + f - 1. Let v(g) = 6*r(g) + w(g). What are the prime factors of v(22)?
419
Let h be ((20/(-5) - 63) + 1)/(-2). Let x = h - 4. What are the prime factors of x?
29
Let b(x) = 3*x**2 - 12*x + 3. Let q be b(-9). Suppose 4*z - 3*y = -y + q, -329 = -4*z - 3*y. Suppose 0 = -4*j + 178 + z. What are the prime factors of j?
2, 3, 11
Suppose 15*u = 18*u - 336. Suppose 12*l + 104 + u = 0. What are the prime factors of (-2*l/10)/(75/3250)?
2, 3, 13
Let n(j) = 157*j. Let t be n(6). Let a = -639 + t. Suppose -3*p = -a + 90. List the prime factors of p.
71
Let u = -575 - -479. What are the prime factors of (1564 + 2)*(-64)/u?
2, 3, 29
Let i(a) = 2552*a**2 + 112*a - 112. What are the prime factors of i(1)?
2, 11, 29
Let i = -19105 - -27885. List the prime factors of i.
2, 5, 439
Suppose 10*x - 2752 + 2712 = 0. Let q(t) = -9*t + 4. Let y(u) = -8*u + 5. Let o(a) = -4*q(a) + 3*y(a). What are the prime factors of o(x)?
47
Let c(o) = -29*o**3 - 5*o**2 + 4*o + 10. Let v be c(3). What are the prime factors of 16/20 - v/5?
2, 3
Let r be (0 - 2 - -1)*-5. Suppose 4*i - 4*x + 32 = 0, 0 = -r*i + 6*x - 2*x - 40. What are the prime factors of (1 - 1668/(-9)) + i/(-12)?
11, 17
Let d = -83 + 115. Suppose 33*b - d*b = 76. What are the prime factors of b?
2, 19
Suppose 8*z = 28 + 4. Suppose -s - 616 = 4*t, 3*t - z*t + 5*s = 133. Let m = 239 + t. List the prime factors of m.
2, 43
Let m be 15/9*(-702)/(-15). Suppose 4*s - 722 = m. List the prime factors of s.
2, 5
Let y be -1320 - (-18)/(-10)*5. Let r = y + 2958. What are the prime factors of r?
3, 181
Let q(l) = 20*l**2 - 2*l + 1. Let d be q(1). Let c(s) = -s**2 - 29*s - 35. Let y be c(-8). List the prime factors of d/38*(y - -1).
67
Let c(x) = x**3 - 3*x**2 - 19*x + 9. Let j be c(6). Suppose 0*k = -2*k - 2*u + 8, -j*k + 4 = -u. List the prime factors of 1/k*((3 - -520) + 1).
2, 131
Let n(c) = 22*c**3 - 9*c**2 + 92*c - 360. List the prime factors of n(4).
2, 3, 53
Suppose 4*v = -4*w + 57976, -3*w + 6*w - 43458 = v. What are the prime factors of w?
2, 1811
Let d = 102 - 118. What are the prime factors of ((-36)/d + -4)/(2/(-48))?
2, 3, 7
Suppose 5*w = -w - 48. Let q(y) = -5*y**2 - 49*y - 41. Let j(v) = -3*v**2 - 33*v - 27. Let x(c) = 7*j(c) - 5*q(c). List the prime factors of x(w).
2, 5
Let w = 148 - 149. What are the prime factors of w*(-335 + -2)*(-11 - -12)?
337
Let v(c) = -369*c**3 + 2*c**2 + c. Let h be v(-1). Suppose -d = 3*t - 70, -8*t + 6*t + 3*d = -32. Suppose 0 = -t*k + 17*k + h. List the prime factors of k.
2, 37
Let r be (1 - 6)/(-40) - 341/(-88). Suppose 4*m + 5*n - 2586 = 1031, -3*m + 2736 = -r*n. List the prime factors of m.
2, 227
Suppose -1208 - 14362 = -6*p. Suppose 0 = 5*f - p + 580. List the prime factors of f.
13, 31
Let c(y) = 10*y - 6 - 15*y - y**2 + 9*y. Let k be c(8). Let w = 77 + k. What are the prime factors of w?
3, 13
Let q(i) = 2*i**2 - 11*i - 621. What are the prime factors of q(-45)?
2, 3, 109
Suppose -2*u = -10*u + 48. What are the prime factors of (12*(-40)/36)/(u/(-45))?
2, 5
Let o(w) = w + 47. Let y be o(-16). Suppose 0 = -23*j + y*j - 5424. What are the prime factors of j?
2, 3, 113
Let k(u) = -u**2 + 0*u + 3*u - 34 + 10*u. What are the prime factors of k(4)?
2
Suppose 8*g = 36*g - 47320. Suppose 2*b - g = -4*d, -d + 210 + 205 = -b. List the prime factors of d.
2, 3, 5, 7
Let f(d) = 32*d - 2. Let q = -18 + -23. Let k = q + 45. What are the prime factors of f(k)?
2, 3, 7
Let c be (147/(-28) - -6)*20. List the prime factors of ((-15)/c)/(0 - 2/420).
2, 3, 5, 7
Let v(h) = 2*h + 8. Let r be v(-5). Let d be 0 + (5 - (-2)/r). List the prime factors of 24 + ((-21)/(-3) - d).
3
Suppose 20*x - 5588 = 17*x - 19*x. Suppose -8*p + 3*p = 0. Suppose 14*q - 1178 + x = p. List the prime factors of q.
2, 3, 11
Let s = -176 + 203. Let u = s - -21. What are the prime factors of u?
2, 3
Let a be (116/10)/(12/780). Suppose -1131 = -3*b - 5*j, -2*b + 4*b = 3*j + a. List the prime factors of b.
13, 29
Let q = 42 - 30. Let i(v) = v**2 + 6*v - 6. Let s be i(q). Let u = s - 128. List the prime factors of u.
2, 41
Suppose 2*p - 6*p - 73 = -5*z, -3*z = 4*p + 33. Let i = p + 438. List the prime factors of i.
2, 3, 71
Suppose -n + 5238 = 26*n. Let z = 107 + n. List the prime factors of z.
7, 43
Let l = -35742 - -52836. List the prime factors of l.
2, 3, 7, 11, 37
Let m be 309/103 - (-21 + -1 - 1). Let l = 721 - m. List the prime